{"id":338,"date":"2025-04-13T13:05:15","date_gmt":"2025-04-13T11:05:15","guid":{"rendered":"https:\/\/taubenschlag.it\/?page_id=338"},"modified":"2026-01-11T12:27:17","modified_gmt":"2026-01-11T11:27:17","slug":"taetigkeitsbericht","status":"publish","type":"page","link":"https:\/\/taubenschlag.it\/?page_id=338","title":{"rendered":"T\u00e4tigkeitsbericht 2024"},"content":{"rendered":"\n<p>Das Jahr 2024 begannen wir mit dem erstem Taubenschlag im Kindergarten wo wir beim Einflug K\u00f6rner ausgaben um die externen Tauben anzulocken, das hat auch schon gut funktioniert und es wurde immer leer gefressen. Die Locktauben im Falschauerschlag wurden am 6. J\u00e4nner eingesetzt. Der Falschauerschlag wurde im J\u00e4nner noch weiter vervollst\u00e4ndigt, die Locktauben hielten sich im verschlossenen Nebenraum auf und wurden alle zwei Tage gef\u00fcttert. Der Taubenschalg im Kindergarten wurde ab dem 24. J\u00e4nner f\u00fcr die Tauben ge\u00f6ffnet, es kamen auch vereinzelt Tauben dazu. Nach der Fertigstellung des Zugangs zum Taubenschlag Falschauer war allen Mitglieder der Zugang garantiert. Der erste Nachwuchs im Taubenschlag Falschauer kam am 19 Februar, somit sah man, dass der Taubenschlag funktionierte. Ein kleiner Bericht dazu Nach zwei Monaten Betrieb:<\/p>\n\n\n\n<p>&#8211; Taubenschlag Kindergarten: 9 Locktauben, 2 Zugewanderte, 9 Eier getauscht,2 Eier scharf, 1 K\u00fcken, 50 kg Futter gef\u00fcttert und 50 Liter Wasser bereitgestellt.<\/p>\n\n\n\n<p>&#8211; Taubenschlag Falschauer: 9 Locktauben, 2 Eier getauscht, 2 Eier scharf, der Schlag ist fertig, die Brutst\u00e4tten komplett.<\/p>\n\n\n\n<p>Anfang M\u00e4rz wurde der Taubenschlag ge\u00f6ffnet, es kam eine eingefangene Taube am 8. M\u00e4rz hinzu, sie blieb im Schlag. Ab Ende M\u00e4rz war die Internetseite aktiv, mit ersten Information zum Verein. Im Taubenschlag Kindergarten waren 2 K\u00fcken geschl\u00fcpft und im Schlag Falschauer kamen immer mehr Tauben dazu. Im Taubenschalg Kindergarten mussten einige Tauben vom Dachboden ausgesperrt werden, es wurde der Dachboden auf Lecks kontrolliert, mit positiven Erfolg. Ab April erkranken im Taubenschlag Kindergarten einige Tauben an den Paramyxovirus, dies wurde nach der Untersuchung vom Tierarzt am 19. April best\u00e4tigt. 16 Tiere waren betroffenen und wurden durch die PMV- Welle get\u00f6tet, von den Lockv\u00f6gel war nur eine Taube betroffen und die neu geschl\u00fcpften K\u00fcken. Nach 5 Wochen war der Spuck vorbei, der Schlag Falschauer war Dank der umsichtigen F\u00fctterer nicht betroffen. Eine Impfung wurde angedacht, ist in Italien aber schwierig. Am 14. Mai wurde die Jahreshauptversammlung abgehalten. Im Mai hatte Karin das Vereinslogo kreiert und es wurde im Briefkopf integriert und bei der angedachten Anschlagtafel am Falschauerschlag sollte es angebracht werden. Ab Juli ist die Br\u00fccke zum Zugang Falschauer mit einen T\u00fcrchen versehen, dank der Arbeiter vom Bauhof Lana. Somit wurde der Zugang noch sicherer. Nach der Ausstrahlung des Berichtes im STOL waren noch Beitr\u00e4ge in der Zeitung und ein Filmbericht der RAI beim Tiermagazin Pluto. Ab August wurden die beiden Schl\u00e4ge vom Tier\u00e4rztlichen Dienst positiv bewertet und somit waren wir als Verein mit unserer T\u00e4tigkeit in Ordnung. Anfragen zu den Schl\u00e4gen kamen von der Gemeinde Meran und Gemeinde Brixen. Beim traditionellen B\u00f6llern zu Maria Geburt waren die Tauben im Falschauerschlag trotz der N\u00e4he und dem L\u00e4rm weder auff\u00e4llig oder ver\u00e4ngstigt. Im September hatte uns Melissa von Verein Stadttaubenhilfe Weimar e.V. mit ihrem Partner besucht. Wir konnten ihr den 3 Tagen unsere Schl\u00e4ge und da sie das erste Mal in S\u00fcdtirol war auch Einiges von unserm Land zeigen. Ab Oktober wurde mit der Errichtung des 3. Taubenschlag im Gemeindehaus begonnen, nach eine positiven Anfrage an den Gemeindeausschuss konnte dort ein weiterer guter Ort f\u00fcr einen Schlag gefunden werden. Ab November wurden die 7 Locktauben f\u00fcr den Schlag Gemeinde im Kindergarten im der separaten Voliere gehalten, davon sind 2 Tauben von Lana, eine war verletzt von Rudi im Oktober aufgefunden worden. Am 23. Dezember wurden die Locktauben im neuen Schlag Gemeinde eingesetzt und der neue Schlag am Tag danach am Gl\u00fchweinstand am Rathausplatz ordentlich gefeiert. Bei R\u00e4umungen von Nestern wurden 2024 an 6 K\u00fcken den Tauben in den verschiedenen Schl\u00e4gen anvertraut, alle konnten mit Erfolg aufgezogen werden.<\/p>\n\n\n\n<figure class=\"wp-block-table\"><table class=\"has-fixed-layout\"><thead><tr><th>2024<\/th><th><\/th><th class=\"has-text-align-right\" data-align=\"right\">Austausch Taubeneier<\/th><\/tr><\/thead><tbody><tr><td>Erzherzog Eugen<\/td><td><\/td><td class=\"has-text-align-right\" data-align=\"right\">80<\/td><\/tr><tr><td>Falschauer<\/td><td><\/td><td class=\"has-text-align-right\" data-align=\"right\">82<\/td><\/tr><tr><td>Rathaus<\/td><td><\/td><td class=\"has-text-align-right\" data-align=\"right\">2<\/td><\/tr><\/tbody><tfoot><tr><td><strong>Anzahl Eier gesamt<\/strong><\/td><td><\/td><td class=\"has-text-align-right\" data-align=\"right\"><strong>164<\/strong><\/td><\/tr><\/tfoot><\/table><\/figure>\n\n\n\n<figure class=\"wp-block-table\"><table><thead><tr><th>Zug\u00e4nge in den Schl\u00e4gen<\/th><th><\/th><th class=\"has-text-align-right\" data-align=\"right\">Locktauben<\/th><th class=\"has-text-align-right\" data-align=\"right\">Externe<\/th><\/tr><\/thead><tbody><tr><td>Erzherzog Eugen<\/td><td><\/td><td class=\"has-text-align-right\" data-align=\"right\">10<\/td><td class=\"has-text-align-right\" data-align=\"right\">25<\/td><\/tr><tr><td>Falschauer<\/td><td><\/td><td class=\"has-text-align-right\" data-align=\"right\">10<\/td><td class=\"has-text-align-right\" data-align=\"right\">30<\/td><\/tr><tr><td>Rathaus<\/td><td><\/td><td class=\"has-text-align-right\" data-align=\"right\">7<\/td><td class=\"has-text-align-right\" data-align=\"right\">  1<\/td><\/tr><\/tbody><\/table><\/figure>\n\n\n\n<figure class=\"wp-block-table\"><table><thead><tr><th>Verendete Tiere<\/th><th>16 Tiere an PMV<\/th><th class=\"has-text-align-right\" data-align=\"right\">Locktauben<\/th><th class=\"has-text-align-right\" data-align=\"right\">Externe<\/th><\/tr><\/thead><tbody><tr><td>Erzherzog Eugen<\/td><td>\ufeff<\/td><td class=\"has-text-align-right\" data-align=\"right\">1<\/td><td class=\"has-text-align-right\" data-align=\"right\">21<\/td><\/tr><tr><td>Falschauer<\/td><td>\ufeff<\/td><td class=\"has-text-align-right\" data-align=\"right\"><\/td><td class=\"has-text-align-right\" data-align=\"right\"><\/td><\/tr><tr><td>Rathaus<\/td><td>\ufeff<\/td><td class=\"has-text-align-right\" data-align=\"right\"><\/td><td class=\"has-text-align-right\" data-align=\"right\"><\/td><\/tr><\/tbody><\/table><\/figure>\n\n\n\n<figure class=\"wp-block-table\"><table class=\"has-fixed-layout\"><thead><tr><th>Aufgebrachte Stunden<\/th><th>2024<\/th><th class=\"has-text-align-right\" data-align=\"right\">Stunden<\/th><\/tr><\/thead><tbody><tr><td>Erzherzog Eugen<\/td><td><\/td><td class=\"has-text-align-right\" data-align=\"right\">208 Std<\/td><\/tr><tr><td>Falschauer<\/td><td><\/td><td class=\"has-text-align-right\" data-align=\"right\">208 Std<\/td><\/tr><tr><td>Rathaus<\/td><td><\/td><td class=\"has-text-align-right\" data-align=\"right\">6 Std<\/td><\/tr><\/tbody><tfoot><tr><td><strong>Gesamt<\/strong><\/td><td><\/td><td class=\"has-text-align-right\" data-align=\"right\"><strong>422 Std<\/strong><\/td><\/tr><\/tfoot><\/table><\/figure>\n\n\n\n<figure class=\"wp-block-table\"><table class=\"has-fixed-layout\"><thead><tr><th>Betreuung der Schl\u00e4ge<\/th><th class=\"has-text-align-right\" data-align=\"right\">Futter<\/th><th class=\"has-text-align-right\" data-align=\"right\">Abfall<\/th><\/tr><\/thead><tbody><tr><td>Erzherzog Eugen<\/td><td class=\"has-text-align-right\" data-align=\"right\">750 kg<\/td><td class=\"has-text-align-right\" data-align=\"right\">360 kg<\/td><\/tr><tr><td>Falschauer<\/td><td class=\"has-text-align-right\" data-align=\"right\">725 kg<\/td><td class=\"has-text-align-right\" data-align=\"right\">240 kg<\/td><\/tr><tr><td>Rathaus<\/td><td class=\"has-text-align-right\" data-align=\"right\">25 kg<\/td><td class=\"has-text-align-right\" data-align=\"right\"><\/td><\/tr><\/tbody><tfoot><tr><td><strong>Gesamt<\/strong><\/td><td class=\"has-text-align-right\" data-align=\"right\"><strong>1500 Kg<\/strong><\/td><td class=\"has-text-align-right\" data-align=\"right\"><strong>600 Kg<\/strong><\/td><\/tr><\/tfoot><\/table><\/figure>\n\n\n\n<p>Ein Dank gilt den Tierbetreuern der einzelnen Schl\u00e4ge f\u00fcr die ordentliche F\u00fctterung und S\u00e4uberung, im einzelnen f\u00fcr den Schlag Erzherzog Eugen: Daniela und Luis, f\u00fcr den Schlag Falschauer: Daniela und Helmuth und f\u00fcr den neuen Schlag in der Gemeinde: Luis. Ein weiterer Dank gilt der Anna die uns immer tatkr\u00e4ftig unterst\u00fctzt und bei verletzten und erkrankten Tieren gut ber\u00e4t. Die Taubeneier werden an einem Hund in Lana verf\u00fcttert. Der Abfall wird im Bauhof \u00fcber die Gemeinde entsorgt. Das Taubenfutter kann bei der Firma Beikircher in Lana angekauft werden. Bei den Errichtungen der Schl\u00e4ge, gilt ein gro\u00dfer Dank an Othmar. Die Schl\u00e4ge wurden teilweise mit Beitr\u00e4ge der Gemeinde Lana und der Raika Lana bezahlt, auch der Gemeindebauhof unterst\u00fctzte tatkr\u00e4ftig mit Material und Vorarbeiten zu den Schl\u00e4gen. Die Struktur und die Brutst\u00e4tten aus Holzplatten wurden bei der Zimmerei Zuech, bzw. Lockhaus GMBH gekauft und kosteten wie folgt:<\/p>\n\n\n\n<p> Erzherzog Eugen 1.402,11\u20ac, Falschauer 8.680,63\u20ac und Rathaus 897,07\u20ac.<\/p>\n\n\n\n<p>Ab Juli 2024 ist der Verein und seine Mitglieder versichert gegen Haftpflicht, Unfall und Rechtsschutz. Im November wurde bei der Provinz Bozen um einen Tierschutzbeitrag angesucht.<\/p>\n\n\n\n<p><\/p>\n\n\n\n<p><\/p>\n\n\n\n<h1 class=\"wp-block-heading has-x-large-font-size\">T\u00e4tigkeitsbericht 2023<\/h1>\n\n\n\n<p id=\"block-cb56178c-9cfb-46a0-a411-23ceb0f46d95\">Das Konzept funktioniert: beide Schl\u00e4ge sind angenommen worden.<br>Im Dachbodenschlag wurden 10 Locktauben eingesetzt. Im Falschauerschlag waren es 9 Tauben.<br>Insgesamt hat man schon 43 Eier getauscht (30 im Dachboden und 13 bei der Falschauer, wobei der Dachbodenschlag ja auch schon l\u00e4nger ge\u00f6ffnet hat.)<br>Im Dachbodenschlag hat eine PMV-Welle fast 3\/4 der Zuflieger get\u00f6tet. 3 Jungv\u00f6gel, die im Schlag geschl\u00fcpft sind, sind ebenfalls gestorben, ebenso wie eine Beringte. Die H\u00f6chstzahl von beinahe 20 Tieren im Schlag ist nun minimiert worden. Durch kleine Schlupfl\u00f6cher gelingt es manchen Tauben nach wie vor in den Dachboden zu gelangen. Das Problem werden wir angehen, indem wir so viel als n\u00f6tig versiegeln.<br>Im Falschauer-Schlag sind einige Zuflieger eingezogen. Es kommen zahlreiche Tauben um zu fressen. Das ist schon mal als positiv zu werten, denn das hei\u00dft, dass sie den Schlag entdeckt haben. Viele der Tauben br\u00fcten noch bei dem zum Abriss stehenden Haus. Der Abriss wird sie zwingen, sich eine neue Heimat zu suchen. Das wird sich ebenfalls positiv auswirken.<\/p>\n\n\n\n<p><\/p>\n","protected":false},"excerpt":{"rendered":"<p>Das Jahr 2024 begannen wir mit dem erstem Taubenschlag im Kindergarten wo wir beim Einflug K\u00f6rner ausgaben um die externen Tauben anzulocken, das hat auch schon gut funktioniert und es wurde immer leer gefressen. Die Locktauben im Falschauerschlag wurden am 6. J\u00e4nner eingesetzt. Der Falschauerschlag wurde im J\u00e4nner noch weiter vervollst\u00e4ndigt, die Locktauben hielten sich [&hellip;]<\/p>\n","protected":false},"author":1,"featured_media":0,"parent":0,"menu_order":0,"comment_status":"closed","ping_status":"closed","template":"","meta":{"footnotes":""},"class_list":["post-338","page","type-page","status-publish","hentry"],"_links":{"self":[{"href":"https:\/\/taubenschlag.it\/index.php?rest_route=\/wp\/v2\/pages\/338","targetHints":{"allow":["GET"]}}],"collection":[{"href":"https:\/\/taubenschlag.it\/index.php?rest_route=\/wp\/v2\/pages"}],"about":[{"href":"https:\/\/taubenschlag.it\/index.php?rest_route=\/wp\/v2\/types\/page"}],"author":[{"embeddable":true,"href":"https:\/\/taubenschlag.it\/index.php?rest_route=\/wp\/v2\/users\/1"}],"replies":[{"embeddable":true,"href":"https:\/\/taubenschlag.it\/index.php?rest_route=%2Fwp%2Fv2%2Fcomments&post=338"}],"version-history":[{"count":6,"href":"https:\/\/taubenschlag.it\/index.php?rest_route=\/wp\/v2\/pages\/338\/revisions"}],"predecessor-version":[{"id":503,"href":"https:\/\/taubenschlag.it\/index.php?rest_route=\/wp\/v2\/pages\/338\/revisions\/503"}],"wp:attachment":[{"href":"https:\/\/taubenschlag.it\/index.php?rest_route=%2Fwp%2Fv2%2Fmedia&parent=338"}],"curies":[{"name":"wp","href":"https:\/\/api.w.org\/{rel}","templated":true}]}}