{"id":13,"date":"2024-03-20T22:04:37","date_gmt":"2024-03-20T21:04:37","guid":{"rendered":"https:\/\/taubenschlag.it\/?page_id=13"},"modified":"2025-07-06T12:26:03","modified_gmt":"2025-07-06T10:26:03","slug":"taubenschlag-lana-eo","status":"publish","type":"page","link":"https:\/\/taubenschlag.it\/?page_id=13","title":{"rendered":"Taubenschlag Lana EO"},"content":{"rendered":"\n<div class=\"wp-block-group alignfull has-accent-background-color has-background has-global-padding is-layout-constrained wp-container-core-group-is-layout-2 wp-block-group-is-layout-constrained\" style=\"margin-top:0;margin-bottom:0;padding-top:var(--wp--preset--spacing--50);padding-right:var(--wp--preset--spacing--50);padding-bottom:var(--wp--preset--spacing--50);padding-left:var(--wp--preset--spacing--50)\">\n<div class=\"wp-block-columns alignwide is-layout-flex wp-container-core-columns-is-layout-1 wp-block-columns-is-layout-flex\">\n<div class=\"wp-block-column is-vertically-aligned-stretch is-layout-flow wp-block-column-is-layout-flow\" style=\"flex-basis:50%\">\n<div class=\"wp-block-group is-vertical is-content-justification-stretch is-layout-flex wp-container-core-group-is-layout-1 wp-block-group-is-layout-flex\" style=\"min-height:100%\">\n<p class=\"has-heading-font-family has-x-large-font-size\" style=\"line-height:1.2\">Taubenschlag Lana EODer Taubenschlag an der Falschauer<\/p>\n\n\n\n<figure class=\"wp-block-image size-large\"><img loading=\"lazy\" decoding=\"async\" width=\"1024\" height=\"571\" src=\"https:\/\/taubenschlag.it\/wp-content\/uploads\/2024\/04\/Sponsoren-1024x571.png\" alt=\"\" class=\"wp-image-73\" srcset=\"https:\/\/taubenschlag.it\/wp-content\/uploads\/2024\/04\/Sponsoren-1024x571.png 1024w, https:\/\/taubenschlag.it\/wp-content\/uploads\/2024\/04\/Sponsoren-300x167.png 300w, https:\/\/taubenschlag.it\/wp-content\/uploads\/2024\/04\/Sponsoren-768x428.png 768w, https:\/\/taubenschlag.it\/wp-content\/uploads\/2024\/04\/Sponsoren-1536x856.png 1536w, https:\/\/taubenschlag.it\/wp-content\/uploads\/2024\/04\/Sponsoren.png 1964w\" sizes=\"auto, (max-width: 1024px) 100vw, 1024px\" \/><\/figure>\n<\/div>\n<\/div>\n\n\n\n<div class=\"wp-block-column is-vertically-aligned-center is-layout-flow wp-block-column-is-layout-flow\" style=\"flex-basis:50%\">\n<figure class=\"wp-block-image size-large is-resized is-style-rounded is-style-rounded--1\"><img loading=\"lazy\" decoding=\"async\" width=\"1024\" height=\"768\" src=\"https:\/\/taubenschlag.it\/wp-content\/uploads\/2024\/03\/TaubenschlagFalschauer-1024x768.jpg\" alt=\"\" class=\"wp-image-14\" style=\"width:455px;height:auto\" srcset=\"https:\/\/taubenschlag.it\/wp-content\/uploads\/2024\/03\/TaubenschlagFalschauer-1024x768.jpg 1024w, https:\/\/taubenschlag.it\/wp-content\/uploads\/2024\/03\/TaubenschlagFalschauer-300x225.jpg 300w, https:\/\/taubenschlag.it\/wp-content\/uploads\/2024\/03\/TaubenschlagFalschauer-768x576.jpg 768w, https:\/\/taubenschlag.it\/wp-content\/uploads\/2024\/03\/TaubenschlagFalschauer-1536x1152.jpg 1536w, https:\/\/taubenschlag.it\/wp-content\/uploads\/2024\/03\/TaubenschlagFalschauer-2048x1536.jpg 2048w\" sizes=\"auto, (max-width: 1024px) 100vw, 1024px\" \/><\/figure>\n<\/div>\n<\/div>\n<\/div>\n\n\n\n<div class=\"wp-block-group alignfull has-base-background-color has-background has-global-padding is-layout-constrained wp-container-core-group-is-layout-3 wp-block-group-is-layout-constrained\" style=\"margin-top:0;margin-bottom:0;padding-top:var(--wp--preset--spacing--50);padding-right:var(--wp--preset--spacing--50);padding-bottom:var(--wp--preset--spacing--50);padding-left:var(--wp--preset--spacing--50)\">\n<div class=\"wp-block-columns alignwide is-layout-flex wp-container-core-columns-is-layout-3 wp-block-columns-is-layout-flex\">\n<div class=\"wp-block-column has-global-padding is-content-justification-left is-layout-constrained wp-container-core-column-is-layout-3 wp-block-column-is-layout-constrained\" style=\"flex-basis:40%\">\n<p class=\"has-large-font-size\">Wieso braucht Lana einen Taubenschlag?<\/p>\n<\/div>\n\n\n\n<div class=\"wp-block-column is-layout-flow wp-container-core-column-is-layout-5 wp-block-column-is-layout-flow\" style=\"flex-basis:60%\">\n<p>Am 18. April 2023 wurde der Verein \u201eTaubenschlag Lana EO\u201c gegr\u00fcndet. Vorausgegangen ist eine Veranstaltung im Rosengartenhaus, wo das Problem der Tauben in Lana diskutiert wurde, man sah die L\u00f6sung darin einen Taubenschlag zu errichten. Nun nach einem Jahr ist es soweit, dass der erste Taubenschlag neben der Falschauer hinter dem L\u00e4ndparkplatz seiner Dienst aufnimmt. So mancher wird sich fragen nach dem Sinn des Taubenschlages in Lana, wo wir schon so viele Tauben haben in einigen Zonen in Lana. Sie verdrecken mit dem Kot unsere Balkone und Stra\u00dfen, machen einigen L\u00e4rm besonders zu fr\u00fcher Stunde und suchen den ganzen Tag nach Futter. Genau dort m\u00f6chte der Verein zu Hilfe kommen, den im Taubenschlag wird gef\u00fcttert, der Kot entsorgt und man ersetzt die Taubeneier mit Attrappen. Den die Tauben sind Haustiere, die leider in der heutigen Zeit keine Verwendung mehr haben, fr\u00fcher standen sie auf dem Speiseplan, lieferten Eier und waren auf den H\u00f6fen auch keine Last. Die Stadttauben k\u00f6nnen ohne die N\u00e4he der Menschen nicht leben und sind sehr ortsgebunden, leider fressen sie alles was auf dem Boden hinterlassen wird. Jede Minimierung wird mit einer Erh\u00f6hung der Population entgegengewirkt. Und da kommt der Taubenschlag als L\u00f6sung ins Spiel. Im Taubenschlag k\u00f6nnen die Tauben ohne Angst br\u00fchten und mit dem Austausch der Eier mit Attrappen kann die Anzahl reguliert und minimiert werden. Nat\u00fcrlich geht es nicht von Heute auf Morgen, aber wir haben schon einige Erfolge. Das Br\u00fchten im Taubenschlag funktioniert, die Locktauben, es sind die gleichen Tauben wie wir sie in Lana kennen, nur an den Taubenschlag gew\u00f6hnt locken andere hinein, denn es gibt immer genug zum Fressen und zum Br\u00fchten hat jedes Paar eine Nische mit geeigneter Tonschale zu Verf\u00fcgung. Der Taubenschlag an der Falschauer k\u00f6nnte 60 bis 80 Tauben beherbergen. So manches Ei wurde auch schon ersetzt, auch sind die Tauben an dem Schlag gew\u00f6hnt und kommen immer zur\u00fcck. Ja sie holen sich von den umliegenden Populationen Tauben mit in den Schlag. Voraussetzung ist, dass es ihnen im Schlag gut geht und das richtige Futter bereitsteht. Die Tauben sind K\u00f6rnerfresser und sollten sich ausschlie\u00dflich nur davon ern\u00e4hren, alles andere tut den Tauben nicht gut und man kann es an der schlechten Ausscheidung erkennen. Daher gute Ern\u00e4hrung ist gleich guten Tauben-Mist und keine aggressive, grausige Fl\u00fcssigkeit die unsere historischen Gem\u00e4uer verdrecken und besch\u00e4digen.<\/p>\n\n\n\n<p>Der Verein hat sich auch zur Aufgabe gemacht die Bev\u00f6lkerung zu beraten und bei L\u00f6sungen zum Vergr\u00e4men der Tauben zu helfen. Es werden auch Tauben abgeholt, sofern man sie einfangen kann.<\/p>\n\n\n\n<p>Dank der finanziellen Unterst\u00fctzt der Gemeinde konnte der erste Taubenschlag an der Falschauer errichtet werden. Es braucht aber auch weitere Hilfe, Spenden werden gerne angenommen. Wir brauchen aber auch noch Personen die uns beim F\u00fcttern und sauber halten des Schlages helfen. Melden Sie sich bei uns, wenn Sie Haustiere lieben sind Sie herzlichst willkommen.<\/p>\n\n\n\n<div class=\"wp-block-columns is-layout-flex wp-container-core-columns-is-layout-2 wp-block-columns-is-layout-flex\">\n<div class=\"wp-block-column is-layout-flow wp-block-column-is-layout-flow\">\n<p><\/p>\n<\/div>\n<\/div>\n<\/div>\n<\/div>\n<\/div>\n\n\n\n<div class=\"wp-block-group alignfull has-accent-5-background-color has-background has-global-padding is-layout-constrained wp-container-core-group-is-layout-4 wp-block-group-is-layout-constrained\" style=\"margin-top:0;margin-bottom:0;padding-top:var(--wp--preset--spacing--50);padding-right:var(--wp--preset--spacing--50);padding-bottom:var(--wp--preset--spacing--50);padding-left:var(--wp--preset--spacing--50)\">\n<div class=\"wp-block-columns alignwide is-layout-flex wp-container-core-columns-is-layout-4 wp-block-columns-is-layout-flex\">\n<div class=\"wp-block-column is-vertically-aligned-center is-layout-flow wp-block-column-is-layout-flow\" style=\"flex-basis:60%\">\n<figure class=\"wp-block-image size-full is-style-rounded is-style-rounded--2\"><img loading=\"lazy\" decoding=\"async\" width=\"2560\" height=\"1550\" src=\"https:\/\/taubenschlag.it\/wp-content\/uploads\/2024\/03\/Eier3-scaled.jpg\" alt=\"\" class=\"wp-image-16\" style=\"aspect-ratio:4\/3;object-fit:cover\" srcset=\"https:\/\/taubenschlag.it\/wp-content\/uploads\/2024\/03\/Eier3-scaled.jpg 2560w, https:\/\/taubenschlag.it\/wp-content\/uploads\/2024\/03\/Eier3-300x182.jpg 300w, https:\/\/taubenschlag.it\/wp-content\/uploads\/2024\/03\/Eier3-1024x620.jpg 1024w, https:\/\/taubenschlag.it\/wp-content\/uploads\/2024\/03\/Eier3-768x465.jpg 768w, https:\/\/taubenschlag.it\/wp-content\/uploads\/2024\/03\/Eier3-1536x930.jpg 1536w, https:\/\/taubenschlag.it\/wp-content\/uploads\/2024\/03\/Eier3-2048x1240.jpg 2048w\" sizes=\"auto, (max-width: 2560px) 100vw, 2560px\" \/><figcaption class=\"wp-element-caption\">00000001<\/figcaption><\/figure>\n<\/div>\n\n\n\n<div class=\"wp-block-column is-layout-flow wp-block-column-is-layout-flow\" style=\"flex-basis:40%\">\n<h2 class=\"wp-block-heading\">Der Verein setzt sich folgende Ziele:<\/h2>\n\n\n\n<p><\/p>\n\n\n\n<ul class=\"wp-block-list\">\n<li>Verhinderung des Nachwuchses durch Austausch der Gelege gegen Ei-Attrappen;<\/li>\n\n\n\n<li>Steigern der Unattraktivit\u00e4t wilder Nistpl\u00e4tze au\u00dferhalb der Schl\u00e4ge;<\/li>\n\n\n\n<li>Kontrollierte F\u00fctterung und regelm\u00e4\u00dfige S\u00e4uberung, dadurch Erhalt einer gesunden Population;<\/li>\n\n\n\n<li>Pr\u00e4vention und Aufkl\u00e4rung durch Vortr\u00e4ge und Veranstaltungen zum Thema Stadttauben.<\/li>\n<\/ul>\n<\/div>\n<\/div>\n<\/div>\n\n\n\n<div class=\"wp-block-group alignfull has-global-padding is-layout-constrained wp-container-core-group-is-layout-7 wp-block-group-is-layout-constrained\" style=\"margin-top:0;margin-bottom:0;padding-top:var(--wp--preset--spacing--50);padding-right:var(--wp--preset--spacing--50);padding-bottom:var(--wp--preset--spacing--50);padding-left:var(--wp--preset--spacing--50)\">\n<div class=\"wp-block-group alignwide has-base-2-background-color has-background is-layout-flow wp-block-group-is-layout-flow\" style=\"border-radius:16px;padding-top:var(--wp--preset--spacing--50);padding-right:var(--wp--preset--spacing--50);padding-bottom:var(--wp--preset--spacing--50);padding-left:var(--wp--preset--spacing--50)\">\n<p class=\"has-text-align-center\">We\u2019ve worked with some of the best companies.<\/p>\n\n\n\n<div style=\"height:var(--wp--preset--spacing--10)\" aria-hidden=\"true\" class=\"wp-block-spacer\"><\/div>\n\n\n\n<div class=\"wp-block-group alignwide is-content-justification-center is-layout-flex wp-container-core-group-is-layout-5 wp-block-group-is-layout-flex\" style=\"padding-top:0;padding-right:0;padding-bottom:0;padding-left:0\">\n\n\n\n\n\n\n\n<\/div>\n<\/div>\n<\/div>\n\n\n\n<div class=\"wp-block-group alignfull has-global-padding is-layout-constrained wp-container-core-group-is-layout-8 wp-block-group-is-layout-constrained\" style=\"margin-top:0;margin-bottom:0;padding-top:var(--wp--preset--spacing--50);padding-right:var(--wp--preset--spacing--50);padding-bottom:var(--wp--preset--spacing--50);padding-left:var(--wp--preset--spacing--50)\"><\/div>\n","protected":false},"excerpt":{"rendered":"<p>Taubenschlag Lana EODer Taubenschlag an der Falschauer Wieso braucht Lana einen Taubenschlag? Am 18. April 2023 wurde der Verein \u201eTaubenschlag Lana EO\u201c gegr\u00fcndet. Vorausgegangen ist eine Veranstaltung im Rosengartenhaus, wo das Problem der Tauben in Lana diskutiert wurde, man sah die L\u00f6sung darin einen Taubenschlag zu errichten. Nun nach einem Jahr ist es soweit, dass [&hellip;]<\/p>\n","protected":false},"author":1,"featured_media":111,"parent":0,"menu_order":0,"comment_status":"closed","ping_status":"closed","template":"","meta":{"footnotes":""},"class_list":["post-13","page","type-page","status-publish","has-post-thumbnail","hentry"],"_links":{"self":[{"href":"https:\/\/taubenschlag.it\/index.php?rest_route=\/wp\/v2\/pages\/13","targetHints":{"allow":["GET"]}}],"collection":[{"href":"https:\/\/taubenschlag.it\/index.php?rest_route=\/wp\/v2\/pages"}],"about":[{"href":"https:\/\/taubenschlag.it\/index.php?rest_route=\/wp\/v2\/types\/page"}],"author":[{"embeddable":true,"href":"https:\/\/taubenschlag.it\/index.php?rest_route=\/wp\/v2\/users\/1"}],"replies":[{"embeddable":true,"href":"https:\/\/taubenschlag.it\/index.php?rest_route=%2Fwp%2Fv2%2Fcomments&post=13"}],"version-history":[{"count":7,"href":"https:\/\/taubenschlag.it\/index.php?rest_route=\/wp\/v2\/pages\/13\/revisions"}],"predecessor-version":[{"id":389,"href":"https:\/\/taubenschlag.it\/index.php?rest_route=\/wp\/v2\/pages\/13\/revisions\/389"}],"wp:featuredmedia":[{"embeddable":true,"href":"https:\/\/taubenschlag.it\/index.php?rest_route=\/wp\/v2\/media\/111"}],"wp:attachment":[{"href":"https:\/\/taubenschlag.it\/index.php?rest_route=%2Fwp%2Fv2%2Fmedia&parent=13"}],"curies":[{"name":"wp","href":"https:\/\/api.w.org\/{rel}","templated":true}]}}